{"id":161,"date":"2017-02-16T17:28:55","date_gmt":"2017-02-16T16:28:55","guid":{"rendered":"http:\/\/xn--kornkvrn-o0a.dk\/?post_type=product&#038;p=161"},"modified":"2022-04-05T11:45:32","modified_gmt":"2022-04-05T09:45:32","slug":"professionel-kvaern-4-kw","status":"publish","type":"product","link":"https:\/\/xn--kornkvrn-o0a.dk\/?product=professionel-kvaern-4-kw","title":{"rendered":"Professionel kv\u00e6rn 4 kW"},"content":{"rendered":"<style type=\"text\/css\">\n\t<!-- @page { margin: 2cm } P { margin-bottom: 0.21cm } --><br \/>\t<\/style>\n<p><strong>Den professionelle kv\u00e6rn<\/strong><\/p>\n<p>De store m\u00f8llesten, der er lavet af Naxos smergel sat i en magnesium-cement, g\u00f8r, at der kan males 60 til 150 kg mel\/time. Ydelsen afh\u00e6nger af motorst\u00f8rrelse og melets finhedsgrad.<\/p>\n<p>Kv\u00e6rnen findes i 2 varianter: 3 kW motor og 4 kW motor, der begge f\u00e5s til hhv. 380V 3-fase og 220 V.<\/p>\n<p><strong>Let at betjene<\/strong><br \/>\nP\u00e5 den professionelle kv\u00e6rn kan man male alle typer korn og b\u00e6lgfr\u00f8 forudsat de er t\u00f8rre og ikke fede. I tvivlstilf\u00e6lde kan vi lave en pr\u00f8veformaling.<\/p>\n<p>Kv\u00e6rnen er bygget af rustfrit st\u00e5l og anodiseret aluminium og kan bruges i forbindelse med alle typer levnedsmiddelproduktion.<\/p>\n<p><strong>St\u00f8ver ikke<\/strong><br \/>\nMelet bl\u00e6ses ud af kv\u00e6rnen, men der kommer ikke st\u00f8v, fordi luften kan undvige gennem et filter. Melet opsamles i en plastic-s\u00e6k.<\/p>\n<p><strong>Solid og robust<\/strong><br \/>\nDen kraftige konstruktion sikrer tusindvis af driftstimer uden vedligehold.<\/p>\n<p>Den kraftige motor tillader, at motoren startes, selv n\u00e5r tragten er fuld af korn og selve m\u00f8llehuset af mel.<\/p>\n<p>M\u00f8llestenene er selvsk\u00e6rpende og beregnet til at fungere uden at blive &#8220;bilet&#8221;<\/p>\n<p>Der er 2 \u00e5rs eller 500 timers garanti p\u00e5 m\u00f8llestenene. P\u00e5 resten er garantien 5 \u00e5r.<\/p>\n<p>&nbsp;<\/p>\n","protected":false},"excerpt":{"rendered":"<p>SAMAP er kendt for\u00a0kv\u00e6rnenes h\u00f8je kvalitet og store robusthed. Det kendetegner ogs\u00e5 den nye, professionelle kv\u00e6rn, der nu introduceres p\u00e5 det danske marked. \u00a0Med en ydelse p\u00e5 60 \u2013 150 kg mel pr. time (afh\u00e6ngig at motorst\u00f8rrelse og melets finhedsgrad) er den egnet til stork\u00f8kkener, mindre bagerier osv. men ogs\u00e5 f.eks. mikrobryggerier.<\/p>\n<p>Kv\u00e6rnen er simpel at betjene og st\u00f8ver ikke.<\/p>\n<p>\u00a0<\/p>\n","protected":false},"featured_media":0,"comment_status":"open","ping_status":"closed","template":"","meta":{"jetpack_post_was_ever_published":false,"jetpack_publicize_message":"","jetpack_publicize_feature_enabled":true,"jetpack_social_post_already_shared":true,"jetpack_social_options":{"image_generator_settings":{"template":"highway","default_image_id":0,"font":"","enabled":false},"version":2}},"product_brand":[],"product_cat":[6],"product_tag":[],"class_list":{"0":"post-161","1":"product","2":"type-product","3":"status-publish","5":"product_cat-kvaerne","7":"first","8":"instock","9":"taxable","10":"shipping-taxable","11":"product-type-simple"},"jetpack_publicize_connections":[],"jetpack_sharing_enabled":true,"_links":{"self":[{"href":"https:\/\/xn--kornkvrn-o0a.dk\/index.php?rest_route=\/wp\/v2\/product\/161","targetHints":{"allow":["GET"]}}],"collection":[{"href":"https:\/\/xn--kornkvrn-o0a.dk\/index.php?rest_route=\/wp\/v2\/product"}],"about":[{"href":"https:\/\/xn--kornkvrn-o0a.dk\/index.php?rest_route=\/wp\/v2\/types\/product"}],"replies":[{"embeddable":true,"href":"https:\/\/xn--kornkvrn-o0a.dk\/index.php?rest_route=%2Fwp%2Fv2%2Fcomments&post=161"}],"wp:attachment":[{"href":"https:\/\/xn--kornkvrn-o0a.dk\/index.php?rest_route=%2Fwp%2Fv2%2Fmedia&parent=161"}],"wp:term":[{"taxonomy":"product_brand","embeddable":true,"href":"https:\/\/xn--kornkvrn-o0a.dk\/index.php?rest_route=%2Fwp%2Fv2%2Fproduct_brand&post=161"},{"taxonomy":"product_cat","embeddable":true,"href":"https:\/\/xn--kornkvrn-o0a.dk\/index.php?rest_route=%2Fwp%2Fv2%2Fproduct_cat&post=161"},{"taxonomy":"product_tag","embeddable":true,"href":"https:\/\/xn--kornkvrn-o0a.dk\/index.php?rest_route=%2Fwp%2Fv2%2Fproduct_tag&post=161"}],"curies":[{"name":"wp","href":"https:\/\/api.w.org\/{rel}","templated":true}]}}